{"id":66,"date":"2021-08-09T05:43:41","date_gmt":"2021-08-09T05:43:41","guid":{"rendered":"https:\/\/spah-neu.as-solution.at\/?page_id=66"},"modified":"2022-01-04T18:59:42","modified_gmt":"2022-01-04T18:59:42","slug":"impressum","status":"publish","type":"page","link":"https:\/\/spah.ch\/?page_id=66","title":{"rendered":"Impressum"},"content":{"rendered":"\t\t<div data-elementor-type=\"wp-page\" data-elementor-id=\"66\" class=\"elementor elementor-66\" data-elementor-post-type=\"page\">\n\t\t\t\t\t\t<section class=\"elementor-section elementor-top-section elementor-element elementor-element-7067320 elementor-section-boxed elementor-section-height-default elementor-section-height-default\" data-id=\"7067320\" data-element_type=\"section\">\n\t\t\t\t\t\t<div class=\"elementor-container elementor-column-gap-default\">\n\t\t\t\t\t<div class=\"elementor-column elementor-col-100 elementor-top-column elementor-element elementor-element-7cdedd0\" data-id=\"7cdedd0\" data-element_type=\"column\">\n\t\t\t<div class=\"elementor-widget-wrap elementor-element-populated\">\n\t\t\t\t\t\t<div class=\"elementor-element elementor-element-bfb8ae1 elementor-widget elementor-widget-heading\" data-id=\"bfb8ae1\" data-element_type=\"widget\" data-widget_type=\"heading.default\">\n\t\t\t\t<div class=\"elementor-widget-container\">\n\t\t\t\t\t<h2 class=\"elementor-heading-title elementor-size-default\">Impressum<\/h2>\t\t\t\t<\/div>\n\t\t\t\t<\/div>\n\t\t\t\t\t<\/div>\n\t\t<\/div>\n\t\t\t\t\t<\/div>\n\t\t<\/section>\n\t\t\t\t<section class=\"elementor-section elementor-top-section elementor-element elementor-element-3a98326 elementor-section-boxed elementor-section-height-default elementor-section-height-default\" data-id=\"3a98326\" data-element_type=\"section\">\n\t\t\t\t\t\t<div class=\"elementor-container elementor-column-gap-no\">\n\t\t\t\t\t<div class=\"elementor-column elementor-col-100 elementor-top-column elementor-element elementor-element-9dfc103\" data-id=\"9dfc103\" data-element_type=\"column\">\n\t\t\t<div class=\"elementor-widget-wrap elementor-element-populated\">\n\t\t\t\t\t\t<div class=\"elementor-element elementor-element-274c16f elementor-widget elementor-widget-heading\" data-id=\"274c16f\" data-element_type=\"widget\" data-widget_type=\"heading.default\">\n\t\t\t\t<div class=\"elementor-widget-container\">\n\t\t\t\t\t<h2 class=\"elementor-heading-title elementor-size-default\">Kontakt- Adresse<\/h2>\t\t\t\t<\/div>\n\t\t\t\t<\/div>\n\t\t\t\t<div class=\"elementor-element elementor-element-50509e4 elementor-widget elementor-widget-text-editor\" data-id=\"50509e4\" data-element_type=\"widget\" data-widget_type=\"text-editor.default\">\n\t\t\t\t<div class=\"elementor-widget-container\">\n\t\t\t\t\t\t\t\t\t<p>Swiss Pilots Association<br>Seestrasse 3<br>6052 Hergiswil NW<br>Schweiz<\/p>\n<p>E-Mail:<br>info@spah.ch<\/p><p><br><\/p>\n<p><\/p>\t\t\t\t\t\t\t\t<\/div>\n\t\t\t\t<\/div>\n\t\t\t\t<div class=\"elementor-element elementor-element-e1def88 elementor-widget__width-auto elementor-fixed elementor-view-default elementor-widget elementor-widget-icon\" data-id=\"e1def88\" data-element_type=\"widget\" data-settings=\"{&quot;motion_fx_motion_fx_scrolling&quot;:&quot;yes&quot;,&quot;motion_fx_opacity_effect&quot;:&quot;yes&quot;,&quot;motion_fx_opacity_range&quot;:{&quot;unit&quot;:&quot;%&quot;,&quot;size&quot;:&quot;&quot;,&quot;sizes&quot;:{&quot;start&quot;:13,&quot;end&quot;:37}},&quot;motion_fx_range&quot;:&quot;page&quot;,&quot;_position&quot;:&quot;fixed&quot;,&quot;motion_fx_opacity_direction&quot;:&quot;out-in&quot;,&quot;motion_fx_opacity_level&quot;:{&quot;unit&quot;:&quot;px&quot;,&quot;size&quot;:10,&quot;sizes&quot;:[]},&quot;motion_fx_devices&quot;:[&quot;desktop&quot;,&quot;tablet&quot;,&quot;mobile&quot;]}\" data-widget_type=\"icon.default\">\n\t\t\t\t<div class=\"elementor-widget-container\">\n\t\t\t\t\t\t\t<div class=\"elementor-icon-wrapper\">\n\t\t\t<a class=\"elementor-icon\" href=\"#top\">\n\t\t\t<i aria-hidden=\"true\" class=\"fas fa-angle-up\"><\/i>\t\t\t<\/a>\n\t\t<\/div>\n\t\t\t\t\t\t<\/div>\n\t\t\t\t<\/div>\n\t\t\t\t<div class=\"elementor-element elementor-element-0de7e7a elementor-widget elementor-widget-heading\" data-id=\"0de7e7a\" data-element_type=\"widget\" data-widget_type=\"heading.default\">\n\t\t\t\t<div class=\"elementor-widget-container\">\n\t\t\t\t\t<h2 class=\"elementor-heading-title elementor-size-default\">Vertretungsberechtigte Person(en)<\/h2>\t\t\t\t<\/div>\n\t\t\t\t<\/div>\n\t\t\t\t<div class=\"elementor-element elementor-element-41e7643 elementor-widget elementor-widget-text-editor\" data-id=\"41e7643\" data-element_type=\"widget\" data-widget_type=\"text-editor.default\">\n\t\t\t\t<div class=\"elementor-widget-container\">\n\t\t\t\t\t\t\t\t\t<p>Martin Feist, Pr\u00e4sident<br><span style=\"font-weight: inherit;\">Christoph Ratajczak, Vorstandsmitglied<\/span><br><span style=\"font-weight: inherit;\">Melina Feist, Vorstandsmitglied<br><\/span><span style=\"font-weight: inherit;\">Natascha Feist, Gr\u00fcndungsmitglied<\/span><br><span style=\"font-weight: inherit;\">Tanja Feist, Gr\u00fcndungsmitglied<\/span><\/p><p><span style=\"font-weight: inherit;\"><br><\/span><\/p>\t\t\t\t\t\t\t\t<\/div>\n\t\t\t\t<\/div>\n\t\t\t\t<div class=\"elementor-element elementor-element-b175fdd elementor-widget elementor-widget-heading\" data-id=\"b175fdd\" data-element_type=\"widget\" data-widget_type=\"heading.default\">\n\t\t\t\t<div class=\"elementor-widget-container\">\n\t\t\t\t\t<h2 class=\"elementor-heading-title elementor-size-default\">Handelsregister- Eintrag<\/h2>\t\t\t\t<\/div>\n\t\t\t\t<\/div>\n\t\t\t\t<div class=\"elementor-element elementor-element-c504fe8 elementor-widget elementor-widget-text-editor\" data-id=\"c504fe8\" data-element_type=\"widget\" data-widget_type=\"text-editor.default\">\n\t\t\t\t<div class=\"elementor-widget-container\">\n\t\t\t\t\t\t\t\t\t<p>Eingetragener Firmenname: Swiss Pilots Association<br>Handelsregister Nr: CHE-248.445.519<\/p><p><span style=\"font-weight: inherit;\">&nbsp;<\/span><\/p>\t\t\t\t\t\t\t\t<\/div>\n\t\t\t\t<\/div>\n\t\t\t\t<div class=\"elementor-element elementor-element-b8f05b4 elementor-widget elementor-widget-heading\" data-id=\"b8f05b4\" data-element_type=\"widget\" data-widget_type=\"heading.default\">\n\t\t\t\t<div class=\"elementor-widget-container\">\n\t\t\t\t\t<h2 class=\"elementor-heading-title elementor-size-default\">Haftungsausschluss<\/h2>\t\t\t\t<\/div>\n\t\t\t\t<\/div>\n\t\t\t\t<div class=\"elementor-element elementor-element-44c06b2 elementor-widget elementor-widget-text-editor\" data-id=\"44c06b2\" data-element_type=\"widget\" data-widget_type=\"text-editor.default\">\n\t\t\t\t<div class=\"elementor-widget-container\">\n\t\t\t\t\t\t\t\t\t<p>Der Autor \u00fcbernimmt keinerlei Gew\u00e4hr hinsichtlich der inhaltlichen Richtigkeit, Genauigkeit, Aktualit\u00e4t, Zuverl\u00e4ssigkeit und Vollst\u00e4ndigkeit der Informationen.<\/p>\n<p>Haftungsanspr\u00fcche gegen den Autor wegen Sch\u00e4den materieller oder immaterieller Art, welche aus dem Zugriff oder der Nutzung bzw. Nichtnutzung der ver\u00f6ffentlichten Informationen, durch Missbrauch der Verbindung oder durch technische St\u00f6rungen entstanden sind, werden ausgeschlossen.<\/p>\n<p>Alle Angebote sind unverbindlich. Der Autor beh\u00e4lt es sich ausdr\u00fccklich vor, Teile der Seiten oder das gesamte Angebot ohne besondere Ank\u00fcndigung zu ver\u00e4ndern, zu erg\u00e4nzen, zu l\u00f6schen oder die Ver\u00f6ffentlichung zeitweise oder endg\u00fcltig einzustellen.<\/p><p><span style=\"font-weight: inherit;\">&nbsp;<br><\/span><\/p>\t\t\t\t\t\t\t\t<\/div>\n\t\t\t\t<\/div>\n\t\t\t\t<div class=\"elementor-element elementor-element-f0f737c elementor-widget elementor-widget-heading\" data-id=\"f0f737c\" data-element_type=\"widget\" data-widget_type=\"heading.default\">\n\t\t\t\t<div class=\"elementor-widget-container\">\n\t\t\t\t\t<h2 class=\"elementor-heading-title elementor-size-default\">Haftungsausschluss f\u00fcr Links<\/h2>\t\t\t\t<\/div>\n\t\t\t\t<\/div>\n\t\t\t\t<div class=\"elementor-element elementor-element-dbfa01b elementor-widget elementor-widget-text-editor\" data-id=\"dbfa01b\" data-element_type=\"widget\" data-widget_type=\"text-editor.default\">\n\t\t\t\t<div class=\"elementor-widget-container\">\n\t\t\t\t\t\t\t\t\t<p>Verweise und Links auf Webseiten Dritter liegen ausserhalb unseres Verantwortungsbereichs. Es wird jegliche Verantwortung f\u00fcr solche Webseiten abgelehnt. Der Zugriff und die Nutzung solcher Webseiten erfolgen auf eigene Gefahr des jeweiligen Nutzers.<\/p><p><br><\/p>\n<p><\/p>\t\t\t\t\t\t\t\t<\/div>\n\t\t\t\t<\/div>\n\t\t\t\t<div class=\"elementor-element elementor-element-49ec6a7 elementor-widget elementor-widget-heading\" data-id=\"49ec6a7\" data-element_type=\"widget\" data-widget_type=\"heading.default\">\n\t\t\t\t<div class=\"elementor-widget-container\">\n\t\t\t\t\t<h2 class=\"elementor-heading-title elementor-size-default\">Urheberrechte<\/h2>\t\t\t\t<\/div>\n\t\t\t\t<\/div>\n\t\t\t\t<div class=\"elementor-element elementor-element-307d246 elementor-widget elementor-widget-text-editor\" data-id=\"307d246\" data-element_type=\"widget\" data-widget_type=\"text-editor.default\">\n\t\t\t\t<div class=\"elementor-widget-container\">\n\t\t\t\t\t\t\t\t\t<p>Die Urheber- und alle anderen Rechte an Inhalten, Bildern, Fotos oder anderen Dateien auf dieser Website, geh\u00f6ren ausschliesslich\u00a0<span style=\"font-style: inherit;\">der juristischen Person Swiss Pilots Association<\/span>\u00a0oder den speziell genannten Rechteinhabern. F\u00fcr die Reproduktion jeglicher Elemente ist die schriftliche Zustimmung des Urheberrechtstr\u00e4gers im Voraus einzuholen.<\/p>\t\t\t\t\t\t\t\t<\/div>\n\t\t\t\t<\/div>\n\t\t\t\t<div class=\"elementor-element elementor-element-0f88142 elementor-widget elementor-widget-text-editor\" data-id=\"0f88142\" data-element_type=\"widget\" data-widget_type=\"text-editor.default\">\n\t\t\t\t<div class=\"elementor-widget-container\">\n\t\t\t\t\t\t\t\t\t<p>Quelle:\u00a0<a style=\"font-weight: inherit;\" href=\"https:\/\/www.swissanwalt.ch\/\">SwissAnwalt<\/a><\/p>\t\t\t\t\t\t\t\t<\/div>\n\t\t\t\t<\/div>\n\t\t\t\t\t<\/div>\n\t\t<\/div>\n\t\t\t\t\t<\/div>\n\t\t<\/section>\n\t\t\t\t<\/div>\n\t\t","protected":false},"excerpt":{"rendered":"<p>Impressum Kontakt- Adresse Swiss Pilots AssociationSeestrasse 36052 Hergiswil NWSchweiz E-Mail:info@spah.ch Vertretungsberechtigte Person(en) Martin Feist, Pr\u00e4sidentChristoph Ratajczak, VorstandsmitgliedMelina Feist, VorstandsmitgliedNatascha Feist, Gr\u00fcndungsmitgliedTanja Feist, Gr\u00fcndungsmitglied Handelsregister- Eintrag Eingetragener Firmenname: Swiss Pilots AssociationHandelsregister Nr: CHE-248.445.519 &nbsp; Haftungsausschluss Der Autor \u00fcbernimmt keinerlei Gew\u00e4hr hinsichtlich der inhaltlichen Richtigkeit, Genauigkeit, Aktualit\u00e4t, Zuverl\u00e4ssigkeit und Vollst\u00e4ndigkeit der Informationen. Haftungsanspr\u00fcche gegen den Autor wegen [&hellip;]<\/p>\n","protected":false},"author":1,"featured_media":0,"parent":0,"menu_order":0,"comment_status":"closed","ping_status":"closed","template":"elementor_header_footer","meta":{"footnotes":""},"class_list":["post-66","page","type-page","status-publish","hentry"],"_links":{"self":[{"href":"https:\/\/spah.ch\/index.php?rest_route=\/wp\/v2\/pages\/66","targetHints":{"allow":["GET"]}}],"collection":[{"href":"https:\/\/spah.ch\/index.php?rest_route=\/wp\/v2\/pages"}],"about":[{"href":"https:\/\/spah.ch\/index.php?rest_route=\/wp\/v2\/types\/page"}],"author":[{"embeddable":true,"href":"https:\/\/spah.ch\/index.php?rest_route=\/wp\/v2\/users\/1"}],"replies":[{"embeddable":true,"href":"https:\/\/spah.ch\/index.php?rest_route=%2Fwp%2Fv2%2Fcomments&post=66"}],"version-history":[{"count":97,"href":"https:\/\/spah.ch\/index.php?rest_route=\/wp\/v2\/pages\/66\/revisions"}],"predecessor-version":[{"id":1103,"href":"https:\/\/spah.ch\/index.php?rest_route=\/wp\/v2\/pages\/66\/revisions\/1103"}],"wp:attachment":[{"href":"https:\/\/spah.ch\/index.php?rest_route=%2Fwp%2Fv2%2Fmedia&parent=66"}],"curies":[{"name":"wp","href":"https:\/\/api.w.org\/{rel}","templated":true}]}}

<div data-elementor-type="wp-page" data-elementor-id="66" class="elementor elementor-66" data-elementor-post-type="page">
						<section class="elementor-section elementor-top-section elementor-element elementor-element-7067320 elementor-section-boxed elementor-section-height-default elementor-section-height-default" data-id="7067320" data-element_type="section">
						<div class="elementor-container elementor-column-gap-default">
					<div class="elementor-column elementor-col-100 elementor-top-column elementor-element elementor-element-7cdedd0" data-id="7cdedd0" data-element_type="column">
			<div class="elementor-widget-wrap elementor-element-populated">
						<div class="elementor-element elementor-element-bfb8ae1 elementor-widget elementor-widget-heading" data-id="bfb8ae1" data-element_type="widget" data-widget_type="heading.default">
				<div class="elementor-widget-container">
					<h2 class="elementor-heading-title elementor-size-default">Impressum</h2>				</div>
				</div>
					</div>
		</div>
					</div>
		</section>
				<section class="elementor-section elementor-top-section elementor-element elementor-element-3a98326 elementor-section-boxed elementor-section-height-default elementor-section-height-default" data-id="3a98326" data-element_type="section">
						<div class="elementor-container elementor-column-gap-no">
					<div class="elementor-column elementor-col-100 elementor-top-column elementor-element elementor-element-9dfc103" data-id="9dfc103" data-element_type="column">
			<div class="elementor-widget-wrap elementor-element-populated">
						<div class="elementor-element elementor-element-274c16f elementor-widget elementor-widget-heading" data-id="274c16f" data-element_type="widget" data-widget_type="heading.default">
				<div class="elementor-widget-container">
					<h2 class="elementor-heading-title elementor-size-default">Kontakt- Adresse</h2>				</div>
				</div>
				<div class="elementor-element elementor-element-50509e4 elementor-widget elementor-widget-text-editor" data-id="50509e4" data-element_type="widget" data-widget_type="text-editor.default">
				<div class="elementor-widget-container">
									<p>Swiss Pilots Association<br>Seestrasse 3<br>6052 Hergiswil NW<br>Schweiz</p>
<p>E-Mail:<br>info@spah.ch</p><p><br></p>
<p></p>								</div>
				</div>
				<div class="elementor-element elementor-element-e1def88 elementor-widget__width-auto elementor-fixed elementor-view-default elementor-widget elementor-widget-icon" data-id="e1def88" data-element_type="widget" data-settings="{&quot;motion_fx_motion_fx_scrolling&quot;:&quot;yes&quot;,&quot;motion_fx_opacity_effect&quot;:&quot;yes&quot;,&quot;motion_fx_opacity_range&quot;:{&quot;unit&quot;:&quot;%&quot;,&quot;size&quot;:&quot;&quot;,&quot;sizes&quot;:{&quot;start&quot;:13,&quot;end&quot;:37}},&quot;motion_fx_range&quot;:&quot;page&quot;,&quot;_position&quot;:&quot;fixed&quot;,&quot;motion_fx_opacity_direction&quot;:&quot;out-in&quot;,&quot;motion_fx_opacity_level&quot;:{&quot;unit&quot;:&quot;px&quot;,&quot;size&quot;:10,&quot;sizes&quot;:[]},&quot;motion_fx_devices&quot;:[&quot;desktop&quot;,&quot;tablet&quot;,&quot;mobile&quot;]}" data-widget_type="icon.default">
				<div class="elementor-widget-container">
							<div class="elementor-icon-wrapper">
			<a class="elementor-icon" href="#top">
			<i aria-hidden="true" class="fas fa-angle-up"></i>			</a>
		</div>
						</div>
				</div>
				<div class="elementor-element elementor-element-0de7e7a elementor-widget elementor-widget-heading" data-id="0de7e7a" data-element_type="widget" data-widget_type="heading.default">
				<div class="elementor-widget-container">
					<h2 class="elementor-heading-title elementor-size-default">Vertretungsberechtigte Person(en)</h2>				</div>
				</div>
				<div class="elementor-element elementor-element-41e7643 elementor-widget elementor-widget-text-editor" data-id="41e7643" data-element_type="widget" data-widget_type="text-editor.default">
				<div class="elementor-widget-container">
									<p>Martin Feist, Präsident<br><span style="font-weight: inherit;">Christoph Ratajczak, Vorstandsmitglied</span><br><span style="font-weight: inherit;">Melina Feist, Vorstandsmitglied<br></span><span style="font-weight: inherit;">Natascha Feist, Gründungsmitglied</span><br><span style="font-weight: inherit;">Tanja Feist, Gründungsmitglied</span></p><p><span style="font-weight: inherit;"><br></span></p>								</div>
				</div>
				<div class="elementor-element elementor-element-b175fdd elementor-widget elementor-widget-heading" data-id="b175fdd" data-element_type="widget" data-widget_type="heading.default">
				<div class="elementor-widget-container">
					<h2 class="elementor-heading-title elementor-size-default">Handelsregister- Eintrag</h2>				</div>
				</div>
				<div class="elementor-element elementor-element-c504fe8 elementor-widget elementor-widget-text-editor" data-id="c504fe8" data-element_type="widget" data-widget_type="text-editor.default">
				<div class="elementor-widget-container">
									<p>Eingetragener Firmenname: Swiss Pilots Association<br>Handelsregister Nr: CHE-248.445.519</p><p><span style="font-weight: inherit;">&nbsp;</span></p>								</div>
				</div>
				<div class="elementor-element elementor-element-b8f05b4 elementor-widget elementor-widget-heading" data-id="b8f05b4" data-element_type="widget" data-widget_type="heading.default">
				<div class="elementor-widget-container">
					<h2 class="elementor-heading-title elementor-size-default">Haftungsausschluss</h2>				</div>
				</div>
				<div class="elementor-element elementor-element-44c06b2 elementor-widget elementor-widget-text-editor" data-id="44c06b2" data-element_type="widget" data-widget_type="text-editor.default">
				<div class="elementor-widget-container">
									<p>Der Autor übernimmt keinerlei Gewähr hinsichtlich der inhaltlichen Richtigkeit, Genauigkeit, Aktualität, Zuverlässigkeit und Vollständigkeit der Informationen.</p>
<p>Haftungsansprüche gegen den Autor wegen Schäden materieller oder immaterieller Art, welche aus dem Zugriff oder der Nutzung bzw. Nichtnutzung der veröffentlichten Informationen, durch Missbrauch der Verbindung oder durch technische Störungen entstanden sind, werden ausgeschlossen.</p>
<p>Alle Angebote sind unverbindlich. Der Autor behält es sich ausdrücklich vor, Teile der Seiten oder das gesamte Angebot ohne besondere Ankündigung zu verändern, zu ergänzen, zu löschen oder die Veröffentlichung zeitweise oder endgültig einzustellen.</p><p><span style="font-weight: inherit;">&nbsp;<br></span></p>								</div>
				</div>
				<div class="elementor-element elementor-element-f0f737c elementor-widget elementor-widget-heading" data-id="f0f737c" data-element_type="widget" data-widget_type="heading.default">
				<div class="elementor-widget-container">
					<h2 class="elementor-heading-title elementor-size-default">Haftungsausschluss für Links</h2>				</div>
				</div>
				<div class="elementor-element elementor-element-dbfa01b elementor-widget elementor-widget-text-editor" data-id="dbfa01b" data-element_type="widget" data-widget_type="text-editor.default">
				<div class="elementor-widget-container">
									<p>Verweise und Links auf Webseiten Dritter liegen ausserhalb unseres Verantwortungsbereichs. Es wird jegliche Verantwortung für solche Webseiten abgelehnt. Der Zugriff und die Nutzung solcher Webseiten erfolgen auf eigene Gefahr des jeweiligen Nutzers.</p><p><br></p>
<p></p>								</div>
				</div>
				<div class="elementor-element elementor-element-49ec6a7 elementor-widget elementor-widget-heading" data-id="49ec6a7" data-element_type="widget" data-widget_type="heading.default">
				<div class="elementor-widget-container">
					<h2 class="elementor-heading-title elementor-size-default">Urheberrechte</h2>				</div>
				</div>
				<div class="elementor-element elementor-element-307d246 elementor-widget elementor-widget-text-editor" data-id="307d246" data-element_type="widget" data-widget_type="text-editor.default">
				<div class="elementor-widget-container">
									<p>Die Urheber- und alle anderen Rechte an Inhalten, Bildern, Fotos oder anderen Dateien auf dieser Website, gehören ausschliesslich <span style="font-style: inherit;">der juristischen Person Swiss Pilots Association</span> oder den speziell genannten Rechteinhabern. Für die Reproduktion jeglicher Elemente ist die schriftliche Zustimmung des Urheberrechtsträgers im Voraus einzuholen.</p>								</div>
				</div>
				<div class="elementor-element elementor-element-0f88142 elementor-widget elementor-widget-text-editor" data-id="0f88142" data-element_type="widget" data-widget_type="text-editor.default">
				<div class="elementor-widget-container">
									<p>Quelle: <a style="font-weight: inherit;" href="https://www.swissanwalt.ch/">SwissAnwalt</a></p>								</div>
				</div>
					</div>
		</div>
					</div>
		</section>
				</div>

<p>Impressum Kontakt- Adresse Swiss Pilots AssociationSeestrasse 36052 Hergiswil NWSchweiz E-Mail:info@spah.ch Vertretungsberechtigte Person(en) Martin Feist, PräsidentChristoph Ratajczak, VorstandsmitgliedMelina Feist, VorstandsmitgliedNatascha Feist, GründungsmitgliedTanja Feist, Gründungsmitglied Handelsregister- Eintrag Eingetragener Firmenname: Swiss Pilots AssociationHandelsregister Nr: CHE-248.445.519 &nbsp; Haftungsausschluss Der Autor übernimmt keinerlei Gewähr hinsichtlich der inhaltlichen Richtigkeit, Genauigkeit, Aktualität, Zuverlässigkeit und Vollständigkeit der Informationen. Haftungsansprüche gegen den Autor wegen [&hellip;]</p>
